Suppose 265 = -n + 3*s - 217, -s = -4*n - 1884. Let j = 586 - n. What are the prime factors of j?
2, 3, 11
Let p be (1*(-2)/4)/(9/396). Let s(l) = l**3 + 24*l**2 + 39*l + 128. What are the prime factors of s(p)?
2, 7, 17
Suppose -99 - 45 = 6*m. Let l(b) = b**2 + 12*b - 14. Let p be l(10). What are the prime factors of (-8)/2*3*p/m?
103
Let a(p) = 649*p - 3707. What are the prime factors of a(45)?
2, 11, 19, 61
List the prime factors of (134/(-10) - -14) + 1/((-5)/(-29802)).
3, 1987
Let d be 6/((-18)/(-9) - 72/33). What are the prime factors of (-75)/10*5126/d?
5, 233
Suppose -3*w = -p + 37322 - 7477, p - 29859 = -11*w. What are the prime factors of p?
2, 7, 13, 41
Let k = 6208 - 4489. What are the prime factors of k?
3, 191
Let y(b) = b**3 + 3*b**2 + 6*b - 10. Let g be y(-9). Let o = -265 - g. What are the prime factors of o?
3, 5, 19
Let x(p) = 11*p**3 - 3*p**2 + 2*p - 13. Let c be x(6). Suppose -c = -13*f + 567. List the prime factors of f.
2, 109
Let r be ((-12)/(-14))/(3/14). Let i be 786 - (-1 + 2 + 1 - r). Suppose 0 = -8*q + 4*q, 0 = -4*b + 4*q + i. List the prime factors of b.
197
Let a be 0/(-3*1/(-1) - 4). Suppose -38*m + 37*m + 8 = a. List the prime factors of (4 + 316/m)*(3 + 1).
2, 3, 29
Let i = 756 - 1059. Let k = i - -510. What are the prime factors of k?
3, 23
Suppose -6 = 5*w - 21. Suppose 120 = 3*m - w*a, -m + 16 = a - 20. Let x = -29 + m. What are the prime factors of x?
3
Let r = 32 - 16. Suppose 4*y = r, 0 = 4*h + y + 205 - 57. What are the prime factors of 18/171 - 9230/h?
3
Suppose 173430 = -20*q - 62*q. Let s = -2 + 6. What are the prime factors of -6*s/(-6)*q/(-36)?
5, 47
Let q be ((-8)/(-2) - (-1)/(-1)) + 1. Suppose q*t + 3*k = 4475, t + 3*t + 4*k = 4480. Suppose 5*a = 190 + t. What are the prime factors of a?
3, 29
Let g = 113167 - 35349. List the prime factors of g/104 + (-1)/4.
2, 11, 17
Let l(r) = 311*r**2 - 47*r - 111. List the prime factors of l(-3).
3, 23, 41
Let d = 253 + -248. Suppose -435 = -f - d*p, 7*f - p - 1698 = 3*f. List the prime factors of f.
5, 17
Suppose 0*m + 3*f + 35496 = 3*m, 23636 = 2*m + 2*f. List the prime factors of m.
5, 11, 43
Let g = 411 + -311. Let o = 733 - g. What are the prime factors of o?
3, 211
List the prime factors of 1/15 - 34377585/(-2475).
2, 3, 5, 463
Let w be (-8874)/(-21) + 124/(-217). Let i = w + 220. List the prime factors of i.
2, 3, 107
Suppose 20465 = 10*y - 31005. What are the prime factors of y?
5147
What are the prime factors of (((-7)/(-1))/(-7))/((-3)/21810)?
2, 5, 727
Suppose 0*q - 150 = 2*q. Let x = -379 - q. Let b = x - -520. List the prime factors of b.
2, 3
Suppose -8*n + 101 = 61. Suppose 4*b = -4*g + 1464, -n*g + g + 1458 = -2*b. What are the prime factors of g?
5, 73
Let j = 21113 + -11367. What are the prime factors of j?
2, 11, 443
Let v(b) = 4*b - 34. Let w be v(9). Suppose -w*i + 27 = -2*x - 3*i, -2*x = -2*i + 42. Let q = 42 + x. List the prime factors of q.
2, 13
Let h be (4/(-4))/(-1 + 730/732). Suppose -1041 = 5*g - h. Let n = -62 - g. List the prime factors of n.
73
Let o(k) = 10*k - 69. Let r be -2 - -16 - ((-4 - 2) + 2). List the prime factors of o(r).
3, 37
Suppose -54100 = -18*y + 13*y - 3*q, q = 3*y - 32460. Suppose -145*s - y = -155*s. List the prime factors of s.
2, 541
Let t be ((-2)/1)/(0 + 2/(-5)). Suppose 10*u + 510 = z + 7*u, -t*z = -u - 2564. What are the prime factors of z?
3, 19
Suppose n - 10 = -5*f + 9, -5*n + 3*f = -207. Let x be 81/(-6)*10/(-3). List the prime factors of n/(-1)*(-75)/x.
5, 13
Suppose 42313 = 5*r + 4*h, 9360 = r - h + 901. List the prime factors of r.
8461
Let g = 28573 + -15696. List the prime factors of g.
79, 163
Suppose -9*b - 12520 = -17*b. Suppose 0 = 43*p - 48*p + b. Suppose -6*k + p = -3*k + i, i + 212 = 2*k. List the prime factors of k.
3, 5, 7
What are the prime factors of 0 - (-1 - -5) - (120 - 6066)?
2, 2971
Suppose 4*b = -b - 10. Let z be b/(-11) - (-40)/22. List the prime factors of z/9 - 1830/(-27).
2, 17
Suppose 52 = -6*b + 10*b. Suppose 2*m + b = 11. List the prime factors of (-79)/m - (1 + 4/(-1)).
2, 41
Suppose -2*g - 5*f + 15*f + 2060 = 0, -4*g = -f - 4063. List the prime factors of g.
5, 7, 29
Let o(q) = 7*q**2 + 76*q + 83. List the prime factors of o(32).
23, 421
Let x be (16 + 8)/(3/4). Suppose 0 = r - o + 30, 2*r + 19 = -o - x. What are the prime factors of ((-666)/15)/(r/90)?
2, 37
Let f(p) = 228*p - 103 + 345*p + 0*p. What are the prime factors of f(2)?
7, 149
Let w(m) = -98*m + 34. Let i be w(-18). Let j = i + -1190. List the prime factors of j.
2, 19
Let r(o) = -o**2 - 13*o + 16. Let h be r(-14). Suppose -s + 7 = 2*w, -h*w - 3*s + 12 = w. Suppose 32 = b + w. What are the prime factors of b?
29
Suppose 3*c - 5*h = 14 - 7, 2*c + 5*h + 12 = 0. Let r be (3/12)/(-1)*-4 - c. Suppose -g + r*s + 17 = -15, 4*s = 3*g - 98. What are the prime factors of g?
2, 17
Let a(n) = 4 + 6*n**2 + 13 - 3. Let t be a(6). What are the prime factors of 3/(((-15)/t)/(-1))?
2, 23
What are the prime factors of 12 + -14 + 0 - (-23444)/2?
2, 5, 293
List the prime factors of 21522 + 13*(-2 - 320/(-130)).
2, 3, 13, 23
Suppose 22*m = -5928 + 370710. What are the prime factors of m?
3, 5527
Let n = -882 - -963. Let z(u) = 73*u**2 - 2*u + 1. Let h be z(1). Suppose q - n - h = 0. List the prime factors of q.
3, 17
Suppose 5*t - 3*t - 28 = 0. Let w(k) = -12 + 13*k + 11*k - t*k + 12*k. List the prime factors of w(5).
2, 7
List the prime factors of (-46)/8*(-8 - (16 + 1024)).
2, 23, 131
List the prime factors of (-641308)/(-28) - 486/567.
37, 619
Let c be (108/30)/(-6) + (-693)/(-5). Let q be c/(-9)*(12 - (5 + -2)). Let x = 101 - q. What are the prime factors of x?
239
Let k(v) = -v**3 + 10*v**2 + 14*v - 24. Let h be k(11). Let y = 14 - h. Suppose y*i = -301 + 1031. What are the prime factors of i?
2, 73
Let g(p) = -p - 1. Let w(r) = -5*r**2 - 13*r - 20. Let u(s) = 5*g(s) - w(s). What are the prime factors of u(8)?
3, 7, 19
Let s = -5012 + 2912. Let v = 1116 + s. List the prime factors of (v/(-20))/((-1)/(-5)).
2, 3, 41
Let n be (-2 + 3)/(1/(-365)). Let l = -311 - n. List the prime factors of l.
2, 3
Let s(u) be the second derivative of 0*u**3 + 9*u + 0 + 1/12*u**4 + 9/2*u**2. What are the prime factors of s(-7)?
2, 29
Let h = 66 + -137. Let g = h + 470. What are the prime factors of g?
3, 7, 19
Let p(m) = -12*m**2 - 22*m + 9. Let u(q) = 12*q**2 + 20*q - 8. Let g(f) = 2*p(f) + 3*u(f). List the prime factors of g(-4).
2, 61
Suppose -35157 = -3*v + 4*i, 0 = 97*v - 94*v + 4*i - 35181. List the prime factors of v.
19, 617
Let d(g) = -g + 189 - 21*g - 123. List the prime factors of d(-12).
2, 3, 5, 11
Suppose -2*a = -10, -2*m - 248 = 4*a - 50. Let v = -164 - -311. Let r = v + m. List the prime factors of r.
2, 19
Suppose -16273 = -3*h + 4*g, 2*h = -3*g + 8000 + 2860. What are the prime factors of h?
3, 67
What are the prime factors of -14*24/(-21)*77?
2, 7, 11
Suppose 5*u - 61*n + 60*n = 112032, -67200 = -3*u + 3*n. What are the prime factors of u?
2, 2801
Let g(p) = 8*p**2 - 4. Let u = -37 + 44. Suppose u*z = -s + 4*z + 6, z = -3*s + 10. What are the prime factors of g(s)?
2, 17
Let p(a) = 2*a**2 + a + 1. Let k(y) = 17*y - 3. Let l be k(-1). Let b be (l/6*3)/2. What are the prime factors of p(b)?
2, 23
Let c(t) = -t**3 + 69*t**2 + 60*t + 1586. What are the prime factors of c(61)?
2, 7, 41, 61
Let n be 710/15 + (-1)/3 - 0. Let k = -16 - n. Let m = k + 204. List the prime factors of m.
3, 47
Let w(n) = 67*n - 72. Let p(z) = -z**2 - 201*z + 216. Let h(b) = 2*p(b) + 7*w(b). List the prime factors of h(29).
3, 7
Suppose 5*u + 2*u + 14787 = 167898. List the prime factors of u.
3, 23, 317
Let n be 56/20 - 76/95. Let b be ((-1)/(-2))/((-1)/(-12)). Suppose -2*a + 3*a = q - 41, 0 = n*a + b. What are the prime factors of q?
2, 19
Let i(q) = q + 781*q**3 - 780*q**3 - 10 + 22*q + 35 + 30*q**2. List the prime factors of i(-29).
199
Suppose 0*s = 5*s - 30. Let d = 6749 + -5874. Suppose s*n = -n + d. What are the prime factors of n?
5
Let n = 152910 - 83847. List the prime factors of n.
3, 23021
Suppose -4*q + 3415 = -12041. List the prime factors of q.
2, 3, 7, 23
Suppose 6*l = 11*l - 10. Suppose -4*a + 3802 = l*v, 4 = 4*v - 8. List the prime factors of a.
13, 73
Let t(s) = 2*s**2 - 48*s + 34. Let f(g) = 4*g**2 - 97*g + 68. Let c(p) = -3*f(